7*r - 43 = 2*r + 4*s. Suppose 4*n + 9 = -r, -5*v = -4*n - 166. What are the prime factors of v?
2, 3, 5
Suppose -4*u + 2*x - 4 = 0, -5*x - 7 + 2 = -5*u. Let j be u/((-1)/(4/(-3))). What are the prime factors of 2/j*(4 - 10)?
3
Suppose y + 3*y = -2*f - 2, 4*y = 3*f + 23. Let n(x) = 7*x - 3*x - 1 - y*x. What are the prime factors of n(3)?
5
Let t = 13 - 7. List the prime factors of t.
2, 3
Let p be -7 - (-1 - 1/1). Let h = 9 + p. Suppose 0 = h*k - 1 - 19. What are the prime factors of k?
5
What are the prime factors of 5 + -3 - -2 - -284?
2, 3
Let j(u) = u + 18. Suppose 10 = -4*a - 5*s, 2*a - 10 = -3*a + 5*s. What are the prime factors of j(a)?
2, 3
Suppose 4*t - 107 + 8 = -3*j, -3*t - 2*j + 74 = 0. What are the prime factors of (t/10)/(24/400)?
2, 5
Let w(t) = -t**2 + t + 1. Let a be w(2). Let h be 9/12 - a/4. What are the prime factors of (1/h)/(2/12)?
2, 3
Let b = 325 - 194. What are the prime factors of b?
131
Suppose 3*h + 4*h = 14. What are the prime factors of h/(((-7)/(-10))/7)?
2, 5
Let v = 40 - 99. Let q = v - -89. What are the prime factors of q?
2, 3, 5
Let h be (-3)/9 - 20/(-6). Suppose 4*o = 5*l - 14, l = 2*l - h*o + 6. Let c = l + -3. What are the prime factors of c?
3
Let k(f) = -f**3 + f**2 - f + 2. Let r be k(0). Let m be -3 + 9 + 1 + r. Suppose -3*l = -0*l - m. What are the prime factors of l?
3
Let r = 9 + -5. Let a(c) = c**3 - 5*c**2 + 3*c + 5. Let u be a(r). Suppose -2*k = -19 + u. List the prime factors of k.
3
Let x be 6/(-15) + 2/5. Suppose -1 = 3*h - 4. Suppose -5*d + 9 + h = x. List the prime factors of d.
2
Let r be 0/(-1) + 30/3. Let o be 1/5 + 38/r. Suppose -5*f + o*w + 45 = -53, 0 = 3*f + w - 52. What are the prime factors of f?
2, 3
Let d(g) = 2*g**2 + g. Let f be d(-4). Let y = 12 - f. Let v = -5 - y. List the prime factors of v.
11
Suppose 2*v - 43 = -15. List the prime factors of v.
2, 7
Let y be (0 - 2)*8/(-4). Suppose c - y*p + 14 = 0, p - 6*p = 3*c - 26. Suppose -21 = -4*o + c*r + 1, -4*r = -5*o + 26. What are the prime factors of o?
2, 3
List the prime factors of (-336)/15*(-45)/6.
2, 3, 7
Let u = -77 - -171. What are the prime factors of u?
2, 47
Let k be 7 - 2 - (-2 + 1). Suppose a - 5 - k = 0. What are the prime factors of a?
11
Let n = -15 - -19. Suppose -n*m + k + 97 = -0*k, 0 = 3*m - 3*k - 75. List the prime factors of m.
2, 3
Let t(x) = -x**3 - 11*x**2 - 11*x + 3. What are the prime factors of t(-10)?
13
Let h(i) = i + 4 - 5 + 1 - 4. List the prime factors of h(8).
2
Let f = -18 - -39. Let t = 48 - f. List the prime factors of t.
3
Suppose 4*q - 2*q = -4*n + 398, -4*q - 282 = -3*n. List the prime factors of n.
2, 7
Let b(f) = f**3 - 2*f**2 + f + 4. Let i be b(5). Suppose -3*h = h + i. List the prime factors of 61/7 - 6/h.
3
Let u be 2 + 0/(-2) - 0. Let m be u + 2/(2 - 0). Suppose 0 = n - m*n + 4. List the prime factors of n.
2
Suppose -4*w + 3 + 1 = 0, -4*w + 34 = 2*f. What are the prime factors of f?
3, 5
Let s = -6 - -8. Suppose -s*q + u = -16 - 13, q + 3*u = 18. What are the prime factors of q?
3, 5
Suppose 5*y - 25 = -q + 1, y - 2 = 3*q. Suppose t - y = 2. List the prime factors of t.
7
Let g = -225 + 333. List the prime factors of g.
2, 3
Suppose h = -4*m + 169 + 63, -h + 5*m = -223. List the prime factors of h.
2, 3, 19
Let z be (-6)/(-3) + 41 + 2. Suppose -3*f - z = -3*i, 0 = -3*i - 0*i - f + 53. List the prime factors of i.
17
Suppose 2 + 0 = w. Suppose w*x - 8 - 2 = 0. What are the prime factors of x?
5
Let b = 136 + -53. What are the prime factors of b?
83
Let d be (3 - 2)/((-1)/1). Let k be (-12)/10 + d/(-5). Let f(x) = 12*x**2. What are the prime factors of f(k)?
2, 3
Suppose -3*d + 31 = -2*d. What are the prime factors of d?
31
Let y(o) = o**3 - 3*o**2 + o + 3. Let d be y(3). Suppose -4*f + 38 = d. List the prime factors of f.
2
Let z(v) = v**3 + 5*v**2 - 6*v - 3. Let c be z(-6). Let s be ((-1)/c)/((-2)/18). List the prime factors of (3 - 0/s) + 9.
2, 3
Suppose -3*p - 3 = 0, 4*k - p - 15 = 2*p. List the prime factors of k.
3
Suppose -111 = -2*t - t. What are the prime factors of t?
37
Let r = 6 + -3. Suppose -r*y + 7*y = 8. Suppose y*m - 6 = -0*m. What are the prime factors of m?
3
Let t be 724/20 + (-1)/5. Suppose -1 = r - t. Let s = r - 18. List the prime factors of s.
17
Let z = -37 - -22. List the prime factors of (-6)/15 - 171/z.
11
Let g(m) = -m**2 - 6*m - 1. Let t be g(-5). Suppose -t*f + 20 = 3*y - y, -2*y - 2*f = -22. What are the prime factors of y?
2, 3
Suppose 186 = 3*r - 132. What are the prime factors of r?
2, 53
Suppose 10 + 37 = l. Let a = l - 25. What are the prime factors of a?
2, 11
Suppose 0 = 3*r + 2*r. Suppose 5*d - 5*q = 50, 5*d - 3*q + 6*q - 74 = r. Suppose 3*h - 11 - d = 0. List the prime factors of h.
2
Let s = -14 + 8. Let d(p) = -p + 5 - 6*p - p**2 - 2 + p. What are the prime factors of d(s)?
3
Let m(z) = 2*z**2 - 6*z + 2. Let a be m(4). Let j = a - 4. Suppose 5*r - 36 = -j. List the prime factors of r.
2, 3
Let p = -11 - -28. Suppose -g - 9 = -p. What are the prime factors of g?
2
Suppose 13 = -2*c + 3*c. List the prime factors of c.
13
List the prime factors of (-2)/14 - (-3222)/63.
3, 17
Let l be 3/(-1 + 4) + -53. List the prime factors of 1*4*(-377)/l.
29
Let r(u) = -u**2 - u + 4. Let k be r(0). List the prime factors of k/(-18) + (-94)/(-18).
5
Suppose 4*h + h = -10. Let l = 4 - h. List the prime factors of l.
2, 3
Suppose 0 = a - 4*a. Suppose 5*f - 35 = 5*y, a = -f - 4*f - y + 17. What are the prime factors of f?
2
Let n(g) = 116*g - 2. Let y be n(-1). Let j = -72 - y. What are the prime factors of j?
2, 23
Suppose -j + 23 = -0*j. Let w = j - 3. Suppose -2*g = -2*r - w, -g - 2*r + 22 = 4*g. What are the prime factors of g?
2, 3
Let n be 30/4*56/5. Let h = -34 + n. List the prime factors of h.
2, 5
Suppose 0 = -4*x + 20 + 76. Suppose 2*p + 2*n - x = 0, 3*p - n + 0*n - 40 = 0. What are the prime factors of p?
13
Let w be (-2)/2*(4 + -4). Suppose w*j + j = 2. What are the prime factors of 17/j + 1/2?
3
Let b(i) be the second derivative of i**4/12 + 7*i**3/6 - 5*i**2/2 - 2*i. Let h be b(-8). Suppose -h = -3*n + 21. List the prime factors of n.
2
Suppose -3*c = c - 24. Let f(h) = -h**2 + 7*h - 4. What are the prime factors of f(c)?
2
Suppose 0 = 3*v + 3*b - 66, 4*b = 3*b + 5. What are the prime factors of v?
17
Let j = 5 + -3. Suppose 2*g - y = -11, y = j*g + 3*y - 4. Let z = 0 - g. List the prime factors of z.
3
Let b(h) = -h**2 + 118. List the prime factors of b(0).
2, 59
Let u(x) = x**3 + 5*x**2 + 4*x - 4. Let o be u(-4). Let c = -3 - o. Suppose 23 + c = 4*z. What are the prime factors of z?
2, 3
Suppose 10 = 5*c, -3*c + 170 - 42 = 2*f. List the prime factors of f.
61
Let v = -4 - -8. Suppose -2*k = -v*k + 20. What are the prime factors of k?
2, 5
Let g(h) = 2*h**3 - 3*h**2 - 3*h - 1. Let y(v) = -23*v + 23*v + 1 + 2*v**2. Let a be y(-1). What are the prime factors of g(a)?
17
Suppose -7*a + 1036 = -3*a. List the prime factors of a.
7, 37
Let z = -3 - -6. Suppose 0 = -2*w + z*g + 23, -2 + 1 = 2*w + 5*g. What are the prime factors of w?
7
Let p(z) = -2*z**3 - 5*z**2 - 4*z. Let s be p(-3). Let c = -13 + s. What are the prime factors of c?
2
List the prime factors of ((-6)/(-9))/((-8)/(-1212)).
101
Let x be (126/(-4))/3*-2. Suppose -x - 11 = -4*f. Suppose 0 = -c + 6 + f. What are the prime factors of c?
2, 7
Suppose 0 = t - p - 5, 4*t - 20 = -t + 4*p. Suppose 2*r + 1 - 9 = t. Suppose r = 5*n - 3*n. List the prime factors of n.
2
Suppose 0 = -7*o + 380 - 163. List the prime factors of o.
31
Let b(p) be the second derivative of -2*p + 1/12*p**4 + 0 - 7/6*p**3 + 5/2*p**2. List the prime factors of b(7).
5
Let v(r) = -1 - 4 + 4 + 6 + 2*r. List the prime factors of v(6).
17
Suppose 25 + 4 = r. List the prime factors of r.
29
Suppose -9*b = -278 - 577. List the prime factors of b.
5, 19
List the prime factors of 592/10 + (-7)/35.
59
List the prime factors of (271/3)/((-2)/(-6)).
271
Suppose -7*k = -4*k - 120. Suppose k = 3*n + 4. List the prime factors of n.
2, 3
Let s(c) = 2*c**2 + 8*c + 4. Let y(g) = 3*g**2 + 16*g + 8. Let b = -15 - -10. Let x(w) = b*s(w) + 3*y(w). List the prime factors of x(8).
2
Let g(z) = 32*z + 4. What are the prime factors of g(1)?
2, 3
Let g(j) = 2*j**2 - 5*j - 7. What are the prime factors of g(6)?
5, 7
Let d(b) = 10*b + 3. What are t